
True
Is 11 a factor of 292563?
False
Does 439 divide 222573?
True
Is 120677 a multiple of 39?
False
Does 54 divide 259129?
False
Does 92 divide 210230?
False
Does 8 divide 1476400?
True
Does 213 divide 207036?
True
Is 139 a factor of 284437?
False
Is 198 a factor of 1520838?
True
Is 5 a factor of 2333000?
True
Does 830 divide 4700290?
True
Is 519720 a multiple of 732?
True
Is 215342 a multiple of 4?
False
Is 11518884 a multiple of 26?
True
Is 314866 a multiple of 9?
False
Is 8 a factor of 187928?
True
Is 27 a factor of 10393158?
False
Does 105 divide 2961420?
True
Does 23 divide 84502?
True
Is 209590 a multiple of 20?
False
Is 291966 a multiple of 13?
False
Does 49 divide 370783?
True
Does 17 divide 10880?
True
Does 93 divide 6865006?
False
Is 12 a factor of 14423?
False
Does 176 divide 1391632?
True
Is 3 a factor of 39083?
False
Does 1340 divide 6560245?
False
Is 1094199 a multiple of 13?
False
Does 13 divide 95640?
False
Does 208 divide 125008?
True
Is 366485 a multiple of 35?
True
Is 65149 a multiple of 7?
True
Is 322 a factor of 63849?
False
Is 163 a factor of 162306?
False
Is 2246252 a multiple of 274?
True
Is 28 a factor of 10907?
False
Is 259 a factor of 228376?
False
Is 40 a factor of 37560?
True
Is 234 a factor of 2201940?
True
Is 3 a factor of 26249?
False
Does 416 divide 3024736?
True
Does 109 divide 307816?
True
Is 2051155 a multiple of 139?
False
Does 16 divide 38248?
False
Does 15 divide 421020?
True
Is 4282817 a multiple of 88?
False
Is 26 a factor of 1467142?
False
Is 4100692 a multiple of 417?
False
Does 1085 divide 8452150?
True
Does 45 divide 2800665?
True
Is 1280370 a multiple of 182?
True
Is 107757 a multiple of 6?
False
Is 1028950 a multiple of 26?
True
Is 30 a factor of 943620?
True
Is 9143744 a multiple of 64?
True
Is 395 a factor of 817255?
True
Is 7 a factor of 5471476?
False
Does 26 divide 16146?
True
Does 162 divide 81128?
False
Is 18 a factor of 8190?
True
Is 321 a factor of 706639?
False
Does 47 divide 595255?
True
Is 5128040 a multiple of 1502?
False
Is 24 a factor of 4590168?
True
Is 12 a factor of 347012?
False
Does 330 divide 5036460?
True
Is 2148 a factor of 8955012?
True
Does 20 divide 10871?
False
Is 6 a factor of 1767439?
False
Does 36 divide 7700364?
True
Is 238482 a multiple of 9?
True
Is 350 a factor of 23508800?
True
Is 21 a factor of 719565?
True
Is 185 a factor of 16210639?
False
Is 60360 a multiple of 25?
False
Is 149 a factor of 74798?
True
Is 281 a factor of 155712?
False
Does 15 divide 4440480?
True
Is 79 a factor of 99865?
False
Does 230 divide 19451549?
False
Is 41050 a multiple of 50?
True
Does 374 divide 79215?
False
Is 1998 a multiple of 9?
True
Is 1028925 a multiple of 255?
True
Is 56455 a multiple of 5?
True
Is 14 a factor of 471744?
True
Is 363710 a multiple of 18?
False
Is 101386 a multiple of 24?
False
Does 20 divide 340800?
True
Is 672336 a multiple of 203?
True
Does 11 divide 1710038?
True
Does 84 divide 1524068?
False
Is 1197475 a multiple of 475?
True
Is 72395 a multiple of 162?
False
Is 8817073 a multiple of 22?
False
Does 81 divide 196788?
False
Is 179 a factor of 2064035?
False
Is 202873 a multiple of 7?
False
Is 8 a factor of 58512?
True
Is 179 a factor of 6138805?
True
Does 266 divide 961590?
True
Is 22 a factor of 300171?
False
Is 10 a factor of 14586489?
False
Does 101 divide 26512?
False
Does 508 divide 6775610?
False
Is 11 a factor of 18250364?
True
Does 20 divide 4806018?
False
Is 139 a factor of 134552?
True
Is 523 a factor of 80019?
True
Is 33207 a multiple of 3?
True
Is 588897 a multiple of 153?
True
Is 14269588 a multiple of 1940?
False
Is 90 a factor of 588240?
True
Does 54 divide 99900?
True
Is 286079 a multiple of 3?
False
Does 118 divide 97234?
False
Is 17 a factor of 22813?
False
Is 130 a factor of 28847205?
False
Is 121 a factor of 2904?
True
Does 22 divide 40984?
False
Is 138869 a multiple of 11?
False
Does 346 divide 11846002?
True
Is 543 a factor of 13032?
True
Does 15 divide 5197530?
True
Does 83 divide 2545361?
True
Is 21 a factor of 322949?
False
Is 7 a factor of 257236?
True
Is 144 a factor of 1031029?
False
Does 11 divide 1288782?
True
Is 187691 a multiple of 7?
True
Is 145 a factor of 125378?
False
Is 31 a factor of 181908?
True
Is 17 a factor of 1523540?
True
Is 690102 a multiple of 2?
True
Is 130 a factor of 26910?
True
Does 42 divide 9458640?
False
Is 384 a factor of 1555507?
False
Is 195 a factor of 260325?
True
Is 108944 a multiple of 293?
False
Does 36 divide 1481688?
True
Does 37 divide 184343?
False
Is 4 a factor of 185526?
False
Does 66 divide 4584228?
True
Does 34 divide 13124?
True
Is 545584 a multiple of 126?
False
Is 66767 a multiple of 11?
False
Does 89 divide 1102087?
True
Is 31 a factor of 130045?
True
Is 82916 a multiple of 46?
False
Is 185340 a multiple of 12?
True
Is 455809 a multiple of 157?
False
Is 3528 a multiple of 56?
True
Is 2342648 a multiple of 616?
True
Is 375047 a multiple of 113?
True
Does 50 divide 30934450?
True
Does 16 divide 8007444?
False
Does 42 divide 4262496?
True
Is 127 a factor of 4162552?
True
Is 5734848 a multiple of 1757?
True
Does 136 divide 4981938?
False
Is 118 a factor of 503034?
True
Is 2144224 a multiple of 53?
False
Is 4 a factor of 989952?
True
Does 153 divide 606033?
True
Is 231883 a multiple of 107?
False
Does 122 divide 990152?
True
Is 5 a factor of 2261204?
False
Does 212 divide 4528979?
False
Does 8 divide 350112?
True
Does 318 divide 1162608?
True
Is 430 a factor of 159530?
True
Is 232 a factor of 65192?
True
Is 10 a factor of 97988?
False
Does 189 divide 485239?
False
Is 47 a factor of 823252?
True
Is 1663688 a multiple of 13?
True
Does 39 divide 810147?
True
Is 845874 a multiple of 247?
False
Is 85008 a multiple of 77?
True
Is 67 a factor of 7708350?
True
Is 693260 a multiple of 10?
True
Is 289 a factor of 892406?
False
Is 9 a factor of 2011779?
True
Is 345685 a multiple of 14?
False
Is 67 a factor of 457074?
True
Is 5 a factor of 166365?
True
Does 65 divide 414635?
True
Is 825 a factor of 604505?
False
Does 71 divide 2233741?
False
Does 61 divide 136181?
False
Is 88495 a multiple of 7?
False
Is 125658 a multiple of 1611?
True
Is 3004829 a multiple of 30?
False
Does 12 divide 27312?
True
Is 10 a factor of 15714340?
True
Is 5017724 a multiple of 149?
True
Does 11 divide 5993350?
True
Is 536 a factor of 2328760?
False
Is 45 a factor of 9765?
True
Is 6 a factor of 20658?
True
Is 526 a factor of 418305?
False
Is 105 a factor of 1309303?
False
Is 28245 a multiple of 35?
True
Is 7982877 a multiple of 59?
True
Does 9 divide 159996?
False
Is 512967 a multiple of 91?
True
Is 19 a factor of 1462088?
True
Is 825625 a multiple of 12?
False
Does 47 divide 230230?
False
Is 454 a factor of 185686?
True
Is 18 a factor of 1281240?
True
Is 40 a factor of 1857904?
False
Is 6075840 a multiple of 1172?
False
Does 6 divide 46824?
True
Is 8 a factor of 386207?
False
Is 2245242 a multiple of 149?
False
Is 194334 a multiple of 6?
True
Does 44 divide 449778?
False
Does 17 divide 1828071?
False
Is 164106 a multiple of 18?
True
Is 13 a factor of 112255?
True
Does 3 divide 52851?
True
Is 529456 a multiple of 75?
False
Is 35858 a multiple of 10?
False
Is 5776790 a multiple of 12?
False
Does 23 divide 1750024?
True
Is 10523423 a multiple of 542?
False
Is 10 a factor of 300990?
True
Is 100457 a multiple of 113?
True
Does 185 divide 749464?
False
Is 230034 a multiple of 14?
True
Does 7 divide 12117?
True
Is 3077190 a multiple of 505?
False
Is 117118 a multiple of 25?
False
Does 178 divide 10770780?
True
Is 8 a factor of 63768?
True
Is 14559 a multiple of 4?
False
Does 165 divide 3839385?
True
Does 3 divide 65602?
False
Does 87 divide 63684?
True
Is 16753903 a multiple of 151?
True
Does 70 divide 5767650?
True
Is 1263981 a multiple of 547?
False
Does 86 divide 1356852?
False
Does 2 divide 8632?
True
Does 8 divide 808715?
False
Does 30 divide 275880?
True
Is 8 a factor of 1890443?
False
Is 422 a factor of 208712?
False
Is 205959 a multiple of 39?
True
Is 125949 a multiple of 20?
False
Is 459 a factor of 7377843?
False
Is 75 a factor of 2923665?
False
Is 469899 a multiple of 61?
False
Is 10 a factor of 2079900?
True
Is 376 a factor of 382016?
True
Is 73084 a multiple of 192?
False
Does 13 divide 16505931?
True
Is 62 a factor